{"id":18,"date":"2025-10-17T12:52:37","date_gmt":"2025-10-17T12:52:37","guid":{"rendered":"https:\/\/competent-rubin.45-81-232-18.plesk.page\/?page_id=18"},"modified":"2026-01-07T15:13:45","modified_gmt":"2026-01-07T15:13:45","slug":"ueber-uns","status":"publish","type":"page","link":"https:\/\/competent-rubin.45-81-232-18.plesk.page\/?page_id=18","title":{"rendered":"\u00dcber uns"},"content":{"rendered":"\t\t<div data-elementor-type=\"wp-page\" data-elementor-id=\"18\" class=\"elementor elementor-18\" data-elementor-post-type=\"page\">\n\t\t\t\t<div class=\"elementor-element elementor-element-b16053d e-flex e-con-boxed e-con e-parent\" data-id=\"b16053d\" data-element_type=\"container\" data-settings=\"{&quot;background_background&quot;:&quot;gradient&quot;}\">\n\t\t\t\t\t<div class=\"e-con-inner\">\n\t\t\t\t<div class=\"elementor-element elementor-element-441885b elementor-view-default elementor-widget elementor-widget-icon\" data-id=\"441885b\" data-element_type=\"widget\" data-widget_type=\"icon.default\">\n\t\t\t\t\t\t\t<div class=\"elementor-icon-wrapper\">\n\t\t\t<div class=\"elementor-icon\">\n\t\t\t<svg aria-hidden=\"true\" class=\"e-font-icon-svg e-fas-users\" viewBox=\"0 0 640 512\" xmlns=\"http:\/\/www.w3.org\/2000\/svg\"><path d=\"M96 224c35.3 0 64-28.7 64-64s-28.7-64-64-64-64 28.7-64 64 28.7 64 64 64zm448 0c35.3 0 64-28.7 64-64s-28.7-64-64-64-64 28.7-64 64 28.7 64 64 64zm32 32h-64c-17.6 0-33.5 7.1-45.1 18.6 40.3 22.1 68.9 62 75.1 109.4h66c17.7 0 32-14.3 32-32v-32c0-35.3-28.7-64-64-64zm-256 0c61.9 0 112-50.1 112-112S381.9 32 320 32 208 82.1 208 144s50.1 112 112 112zm76.8 32h-8.3c-20.8 10-43.9 16-68.5 16s-47.6-6-68.5-16h-8.3C179.6 288 128 339.6 128 403.2V432c0 26.5 21.5 48 48 48h288c26.5 0 48-21.5 48-48v-28.8c0-63.6-51.6-115.2-115.2-115.2zm-223.7-13.4C161.5 263.1 145.6 256 128 256H64c-35.3 0-64 28.7-64 64v32c0 17.7 14.3 32 32 32h65.9c6.3-47.4 34.9-87.3 75.2-109.4z\"><\/path><\/svg>\t\t\t<\/div>\n\t\t<\/div>\n\t\t\t\t\t\t<\/div>\n\t\t\t\t<div class=\"elementor-element elementor-element-a19fc55 elementor-widget elementor-widget-heading\" data-id=\"a19fc55\" data-element_type=\"widget\" data-widget_type=\"heading.default\">\n\t\t\t\t\t<h2 class=\"elementor-heading-title elementor-size-default\">Der Vorstand<\/h2>\t\t\t\t<\/div>\n\t\t<div class=\"elementor-element elementor-element-dcd9d51 e-grid e-con-full e-con e-child\" data-id=\"dcd9d51\" data-element_type=\"container\">\n\t\t\t\t<div class=\"elementor-element elementor-element-ef54e12 elementor-widget elementor-widget-text-editor\" data-id=\"ef54e12\" data-element_type=\"widget\" data-widget_type=\"text-editor.default\">\n\t\t\t\t\t\t\t\t\t<h3>Vorsitzender<\/h3><h5>Uwe Reuter | Garten Nr. 112<\/h5>\t\t\t\t\t\t\t\t<\/div>\n\t\t\t\t<div class=\"elementor-element elementor-element-0abe526 elementor-widget elementor-widget-text-editor\" data-id=\"0abe526\" data-element_type=\"widget\" data-widget_type=\"text-editor.default\">\n\t\t\t\t\t\t\t\t\t<h3>Stellv. Vorsitzender<\/h3><h5>Ralf Eckhardt | Garten Nr. 95<\/h5>\t\t\t\t\t\t\t\t<\/div>\n\t\t\t\t<div class=\"elementor-element elementor-element-21d1749 elementor-widget elementor-widget-text-editor\" data-id=\"21d1749\" data-element_type=\"widget\" data-widget_type=\"text-editor.default\">\n\t\t\t\t\t\t\t\t\t<h3>Schriftf\u00fchrerin<\/h3><h5>Romina Walter | Garten Nr. 31<\/h5>\t\t\t\t\t\t\t\t<\/div>\n\t\t\t\t<div class=\"elementor-element elementor-element-e377b4d elementor-widget elementor-widget-text-editor\" data-id=\"e377b4d\" data-element_type=\"widget\" data-widget_type=\"text-editor.default\">\n\t\t\t\t\t\t\t\t\t<h3>Kassiererin<\/h3><h5>Gisela Wroblewski | Garten Nr. 70<\/h5>\t\t\t\t\t\t\t\t<\/div>\n\t\t\t\t<div class=\"elementor-element elementor-element-0fd98d4 elementor-widget elementor-widget-text-editor\" data-id=\"0fd98d4\" data-element_type=\"widget\" data-widget_type=\"text-editor.default\">\n\t\t\t\t\t\t\t\t\t<h3>Wasserwart<\/h3><h5>Uwe Gehrmann | Garten Nr. 127<\/h5>\t\t\t\t\t\t\t\t<\/div>\n\t\t\t\t<div class=\"elementor-element elementor-element-196ae5d elementor-widget elementor-widget-text-editor\" data-id=\"196ae5d\" data-element_type=\"widget\" data-widget_type=\"text-editor.default\">\n\t\t\t\t\t\t\t\t\t<h3>Stromwart<\/h3><h5>Anna Osik | Garten Nr. 112<\/h5>\t\t\t\t\t\t\t\t<\/div>\n\t\t\t\t<div class=\"elementor-element elementor-element-c6ce565 elementor-widget elementor-widget-text-editor\" data-id=\"c6ce565\" data-element_type=\"widget\" data-widget_type=\"text-editor.default\">\n\t\t\t\t\t\t\t\t\t<h3>Gartenfachberaterin<\/h3><h5>Barbara Staude<\/h5>\t\t\t\t\t\t\t\t<\/div>\n\t\t\t\t<div class=\"elementor-element elementor-element-eec36bf elementor-widget elementor-widget-text-editor\" data-id=\"eec36bf\" data-element_type=\"widget\" data-widget_type=\"text-editor.default\">\n\t\t\t\t\t\t\t\t\t<h3>Leiterin Frauengruppe<\/h3><h5>Verena Tilgner | Garten Nr. 4 <br \/>Anna Osik | Garten Nr. 20<\/h5>\t\t\t\t\t\t\t\t<\/div>\n\t\t\t\t<div class=\"elementor-element elementor-element-ca68fc7 elementor-widget elementor-widget-text-editor\" data-id=\"ca68fc7\" data-element_type=\"widget\" data-widget_type=\"text-editor.default\">\n\t\t\t\t\t\t\t\t\t<h3>Beisitzer \/ Gartenobleute<\/h3><h5>Martin Walter \/ Garten Nr. 31 zust\u00e4ndig f\u00fcr die G\u00e4rten 1 &#8211; 33 und 69 &#8211; 71<br \/>Michael Schlager \/ Garten Nr. 16 zust\u00e4ndig f\u00fcr die G\u00e4rten 34 &#8211; 68<br \/>Martin Fischer \/ Garten Nr. 78 zust\u00e4ndig f\u00fcr die G\u00e4rten 72 &#8211; 107 <br \/>Helmut Katz \/ Garten Nr. 114 zust\u00e4ndig f\u00fcr die G\u00e4rten 108 &#8211; 144<\/h5>\t\t\t\t\t\t\t\t<\/div>\n\t\t\t\t<\/div>\n\t\t\t\t\t<\/div>\n\t\t\t\t<\/div>\n\t\t<div class=\"elementor-element elementor-element-f277a0b e-flex e-con-boxed e-con e-parent\" data-id=\"f277a0b\" data-element_type=\"container\">\n\t\t\t\t\t<div class=\"e-con-inner\">\n\t\t\t\t<div class=\"elementor-element elementor-element-317862a elementor-widget elementor-widget-spacer\" data-id=\"317862a\" data-element_type=\"widget\" data-widget_type=\"spacer.default\">\n\t\t\t\t\t\t\t<div class=\"elementor-spacer\">\n\t\t\t<div class=\"elementor-spacer-inner\"><\/div>\n\t\t<\/div>\n\t\t\t\t\t\t<\/div>\n\t\t\t\t\t<\/div>\n\t\t\t\t<\/div>\n\t\t\t\t<\/div>\n\t\t","protected":false},"excerpt":{"rendered":"<p>Der Vorstand Vorsitzender Uwe Reuter | Garten Nr. 112 Stellv. Vorsitzender Ralf Eckhardt | Garten Nr. 95 Schriftf\u00fchrerin Romina Walter | Garten Nr. 31 Kassiererin Gisela Wroblewski | Garten Nr. 70 Wasserwart Uwe Gehrmann | Garten Nr. 127 Stromwart Anna Osik | Garten Nr. 112 Gartenfachberaterin Barbara Staude Leiterin Frauengruppe Verena Tilgner | Garten Nr. [&hellip;]<\/p>\n","protected":false},"author":1,"featured_media":0,"parent":0,"menu_order":0,"comment_status":"closed","ping_status":"closed","template":"","meta":{"footnotes":""},"class_list":["post-18","page","type-page","status-publish","hentry"],"_links":{"self":[{"href":"https:\/\/competent-rubin.45-81-232-18.plesk.page\/index.php?rest_route=\/wp\/v2\/pages\/18","targetHints":{"allow":["GET"]}}],"collection":[{"href":"https:\/\/competent-rubin.45-81-232-18.plesk.page\/index.php?rest_route=\/wp\/v2\/pages"}],"about":[{"href":"https:\/\/competent-rubin.45-81-232-18.plesk.page\/index.php?rest_route=\/wp\/v2\/types\/page"}],"author":[{"embeddable":true,"href":"https:\/\/competent-rubin.45-81-232-18.plesk.page\/index.php?rest_route=\/wp\/v2\/users\/1"}],"replies":[{"embeddable":true,"href":"https:\/\/competent-rubin.45-81-232-18.plesk.page\/index.php?rest_route=%2Fwp%2Fv2%2Fcomments&post=18"}],"version-history":[{"count":28,"href":"https:\/\/competent-rubin.45-81-232-18.plesk.page\/index.php?rest_route=\/wp\/v2\/pages\/18\/revisions"}],"predecessor-version":[{"id":251,"href":"https:\/\/competent-rubin.45-81-232-18.plesk.page\/index.php?rest_route=\/wp\/v2\/pages\/18\/revisions\/251"}],"wp:attachment":[{"href":"https:\/\/competent-rubin.45-81-232-18.plesk.page\/index.php?rest_route=%2Fwp%2Fv2%2Fmedia&parent=18"}],"curies":[{"name":"wp","href":"https:\/\/api.w.org\/{rel}","templated":true}]}}