{"id":58,"date":"2025-10-29T13:56:56","date_gmt":"2025-10-29T13:56:56","guid":{"rendered":"https:\/\/competent-rubin.45-81-232-18.plesk.page\/?page_id=58"},"modified":"2026-01-07T15:09:38","modified_gmt":"2026-01-07T15:09:38","slug":"vereinsheim","status":"publish","type":"page","link":"https:\/\/competent-rubin.45-81-232-18.plesk.page\/?page_id=58","title":{"rendered":"Vereinsheim"},"content":{"rendered":"\t\t<div data-elementor-type=\"wp-page\" data-elementor-id=\"58\" class=\"elementor elementor-58\" data-elementor-post-type=\"page\">\n\t\t\t\t<div class=\"elementor-element elementor-element-ae35300 e-flex e-con-boxed e-con e-parent\" data-id=\"ae35300\" data-element_type=\"container\" data-settings=\"{&quot;background_background&quot;:&quot;gradient&quot;}\">\n\t\t\t\t\t<div class=\"e-con-inner\">\n\t\t\t\t<div class=\"elementor-element elementor-element-41ec9e1 elementor-view-default elementor-widget elementor-widget-icon\" data-id=\"41ec9e1\" data-element_type=\"widget\" data-widget_type=\"icon.default\">\n\t\t\t\t\t\t\t<div class=\"elementor-icon-wrapper\">\n\t\t\t<div class=\"elementor-icon\">\n\t\t\t<svg aria-hidden=\"true\" class=\"e-font-icon-svg e-fas-home\" viewBox=\"0 0 576 512\" xmlns=\"http:\/\/www.w3.org\/2000\/svg\"><path d=\"M280.37 148.26L96 300.11V464a16 16 0 0 0 16 16l112.06-.29a16 16 0 0 0 15.92-16V368a16 16 0 0 1 16-16h64a16 16 0 0 1 16 16v95.64a16 16 0 0 0 16 16.05L464 480a16 16 0 0 0 16-16V300L295.67 148.26a12.19 12.19 0 0 0-15.3 0zM571.6 251.47L488 182.56V44.05a12 12 0 0 0-12-12h-56a12 12 0 0 0-12 12v72.61L318.47 43a48 48 0 0 0-61 0L4.34 251.47a12 12 0 0 0-1.6 16.9l25.5 31A12 12 0 0 0 45.15 301l235.22-193.74a12.19 12.19 0 0 1 15.3 0L530.9 301a12 12 0 0 0 16.9-1.6l25.5-31a12 12 0 0 0-1.7-16.93z\"><\/path><\/svg>\t\t\t<\/div>\n\t\t<\/div>\n\t\t\t\t\t\t<\/div>\n\t\t\t\t<div class=\"elementor-element elementor-element-67950a8 elementor-widget elementor-widget-text-editor\" data-id=\"67950a8\" data-element_type=\"widget\" data-widget_type=\"text-editor.default\">\n\t\t\t\t\t\t\t\t\t<h5><strong>Unser Vereinsheim kann f\u00fcr private Feiern oder auch Versammlungen anderer Vereine angemietet werden.<\/strong><\/h5><h5><strong>Dabei vermieten wir das Vereinsheim f\u00fcr Versammlungen anderer Vereine f\u00fcr bis zu 80 Personen.<\/strong><\/h5><h5><span style=\"text-decoration: underline;\"><strong>F\u00fcr private Feiern wird die Anzahl auf h\u00f6chstens 50 Personen begrenzt.<\/strong><\/span><\/h5><h5><strong>Lautsprecheranlagen sind vorhanden.<\/strong><\/h5><h5><strong>\u00dcber die Vermietung und den Bedingungen dazu geben unser 1. Vorsitzender, Uwe Reuter, sowie unser 2. Vorsitzender, Ralf Eckhardt, gerne weitere Ausk\u00fcnfte. <br \/><br \/><\/strong><\/h5><h5><strong>Uwe Reuter<\/strong><br \/><strong>0157 36752574<\/strong><br \/><strong>0234-231943\u00a0 \u00a0 \u00a0 \u00a0 \u00a0 \u00a0 \u00a0 \u00a0<\/strong><\/h5><h5><strong>Ralf Eckhardt<br \/><\/strong><strong>0162 1849091 <br \/><\/strong><strong>02302 189095<br \/><br \/><\/strong><\/h5><h5><span style=\"text-decoration: underline;\"><strong>Die Theke und Beispiele zur Bestuhlung:<\/strong><\/span><\/h5>\t\t\t\t\t\t\t\t<\/div>\n\t\t\t\t<div class=\"elementor-element elementor-element-8021582 elementor-widget elementor-widget-gallery\" data-id=\"8021582\" data-element_type=\"widget\" data-settings=\"{&quot;columns&quot;:3,&quot;lazyload&quot;:&quot;yes&quot;,&quot;gallery_layout&quot;:&quot;grid&quot;,&quot;columns_tablet&quot;:2,&quot;columns_mobile&quot;:1,&quot;gap&quot;:{&quot;unit&quot;:&quot;px&quot;,&quot;size&quot;:10,&quot;sizes&quot;:[]},&quot;gap_tablet&quot;:{&quot;unit&quot;:&quot;px&quot;,&quot;size&quot;:10,&quot;sizes&quot;:[]},&quot;gap_mobile&quot;:{&quot;unit&quot;:&quot;px&quot;,&quot;size&quot;:10,&quot;sizes&quot;:[]},&quot;link_to&quot;:&quot;file&quot;,&quot;aspect_ratio&quot;:&quot;3:2&quot;,&quot;overlay_background&quot;:&quot;yes&quot;,&quot;content_hover_animation&quot;:&quot;fade-in&quot;}\" data-widget_type=\"gallery.default\">\n\t\t\t\t\t\t\t<div class=\"elementor-gallery__container\">\n\t\t\t\t\t\t\t<a class=\"e-gallery-item elementor-gallery-item elementor-animated-content\" href=\"https:\/\/competent-rubin.45-81-232-18.plesk.page\/wp-content\/uploads\/2026\/01\/Bild3.jpg\" data-elementor-open-lightbox=\"yes\" data-elementor-lightbox-slideshow=\"8021582\" data-elementor-lightbox-title=\"Bild3\" data-e-action-hash=\"#elementor-action%3Aaction%3Dlightbox%26settings%3DeyJpZCI6MjQwLCJ1cmwiOiJodHRwczpcL1wvY29tcGV0ZW50LXJ1YmluLjQ1LTgxLTIzMi0xOC5wbGVzay5wYWdlXC93cC1jb250ZW50XC91cGxvYWRzXC8yMDI2XC8wMVwvQmlsZDMuanBnIiwic2xpZGVzaG93IjoiODAyMTU4MiJ9\">\n\t\t\t\t\t<div class=\"e-gallery-image elementor-gallery-item__image\" data-thumbnail=\"https:\/\/competent-rubin.45-81-232-18.plesk.page\/wp-content\/uploads\/2026\/01\/Bild3.jpg\" data-width=\"765\" data-height=\"521\" aria-label=\"\" role=\"img\" ><\/div>\n\t\t\t\t\t\t\t\t\t\t\t<div class=\"elementor-gallery-item__overlay\"><\/div>\n\t\t\t\t\t\t\t\t\t\t\t\t\t\t<\/a>\n\t\t\t\t\t\t\t<a class=\"e-gallery-item elementor-gallery-item elementor-animated-content\" href=\"https:\/\/competent-rubin.45-81-232-18.plesk.page\/wp-content\/uploads\/2026\/01\/Bild1-1.jpg\" data-elementor-open-lightbox=\"yes\" data-elementor-lightbox-slideshow=\"8021582\" data-elementor-lightbox-title=\"Bild1\" data-e-action-hash=\"#elementor-action%3Aaction%3Dlightbox%26settings%3DeyJpZCI6MjQxLCJ1cmwiOiJodHRwczpcL1wvY29tcGV0ZW50LXJ1YmluLjQ1LTgxLTIzMi0xOC5wbGVzay5wYWdlXC93cC1jb250ZW50XC91cGxvYWRzXC8yMDI2XC8wMVwvQmlsZDEtMS5qcGciLCJzbGlkZXNob3ciOiI4MDIxNTgyIn0%3D\">\n\t\t\t\t\t<div class=\"e-gallery-image elementor-gallery-item__image\" data-thumbnail=\"https:\/\/competent-rubin.45-81-232-18.plesk.page\/wp-content\/uploads\/2026\/01\/Bild1-1.jpg\" data-width=\"752\" data-height=\"534\" aria-label=\"\" role=\"img\" ><\/div>\n\t\t\t\t\t\t\t\t\t\t\t<div class=\"elementor-gallery-item__overlay\"><\/div>\n\t\t\t\t\t\t\t\t\t\t\t\t\t\t<\/a>\n\t\t\t\t\t\t\t<a class=\"e-gallery-item elementor-gallery-item elementor-animated-content\" href=\"https:\/\/competent-rubin.45-81-232-18.plesk.page\/wp-content\/uploads\/2026\/01\/Bild2.jpg\" data-elementor-open-lightbox=\"yes\" data-elementor-lightbox-slideshow=\"8021582\" data-elementor-lightbox-title=\"Bild2\" data-e-action-hash=\"#elementor-action%3Aaction%3Dlightbox%26settings%3DeyJpZCI6MjQyLCJ1cmwiOiJodHRwczpcL1wvY29tcGV0ZW50LXJ1YmluLjQ1LTgxLTIzMi0xOC5wbGVzay5wYWdlXC93cC1jb250ZW50XC91cGxvYWRzXC8yMDI2XC8wMVwvQmlsZDIuanBnIiwic2xpZGVzaG93IjoiODAyMTU4MiJ9\">\n\t\t\t\t\t<div class=\"e-gallery-image elementor-gallery-item__image\" data-thumbnail=\"https:\/\/competent-rubin.45-81-232-18.plesk.page\/wp-content\/uploads\/2026\/01\/Bild2.jpg\" data-width=\"754\" data-height=\"534\" aria-label=\"\" role=\"img\" ><\/div>\n\t\t\t\t\t\t\t\t\t\t\t<div class=\"elementor-gallery-item__overlay\"><\/div>\n\t\t\t\t\t\t\t\t\t\t\t\t\t\t<\/a>\n\t\t\t\t\t<\/div>\n\t\t\t\t\t<\/div>\n\t\t\t\t\t<\/div>\n\t\t\t\t<\/div>\n\t\t\t\t<\/div>\n\t\t","protected":false},"excerpt":{"rendered":"<p>Unser Vereinsheim kann f\u00fcr private Feiern oder auch Versammlungen anderer Vereine angemietet werden. Dabei vermieten wir das Vereinsheim f\u00fcr Versammlungen anderer Vereine f\u00fcr bis zu 80 Personen. F\u00fcr private Feiern wird die Anzahl auf h\u00f6chstens 50 Personen begrenzt. Lautsprecheranlagen sind vorhanden. \u00dcber die Vermietung und den Bedingungen dazu geben unser 1. Vorsitzender, Uwe Reuter, sowie [&hellip;]<\/p>\n","protected":false},"author":1,"featured_media":0,"parent":0,"menu_order":0,"comment_status":"closed","ping_status":"closed","template":"","meta":{"footnotes":""},"class_list":["post-58","page","type-page","status-publish","hentry"],"_links":{"self":[{"href":"https:\/\/competent-rubin.45-81-232-18.plesk.page\/index.php?rest_route=\/wp\/v2\/pages\/58","targetHints":{"allow":["GET"]}}],"collection":[{"href":"https:\/\/competent-rubin.45-81-232-18.plesk.page\/index.php?rest_route=\/wp\/v2\/pages"}],"about":[{"href":"https:\/\/competent-rubin.45-81-232-18.plesk.page\/index.php?rest_route=\/wp\/v2\/types\/page"}],"author":[{"embeddable":true,"href":"https:\/\/competent-rubin.45-81-232-18.plesk.page\/index.php?rest_route=\/wp\/v2\/users\/1"}],"replies":[{"embeddable":true,"href":"https:\/\/competent-rubin.45-81-232-18.plesk.page\/index.php?rest_route=%2Fwp%2Fv2%2Fcomments&post=58"}],"version-history":[{"count":10,"href":"https:\/\/competent-rubin.45-81-232-18.plesk.page\/index.php?rest_route=\/wp\/v2\/pages\/58\/revisions"}],"predecessor-version":[{"id":245,"href":"https:\/\/competent-rubin.45-81-232-18.plesk.page\/index.php?rest_route=\/wp\/v2\/pages\/58\/revisions\/245"}],"wp:attachment":[{"href":"https:\/\/competent-rubin.45-81-232-18.plesk.page\/index.php?rest_route=%2Fwp%2Fv2%2Fmedia&parent=58"}],"curies":[{"name":"wp","href":"https:\/\/api.w.org\/{rel}","templated":true}]}}